 f*r + 8 = 0, -n + 9 - 2 = -r. Suppose -n*s + 20 = 2*s. List the prime factors of s.
2
Let k be (-140)/(-30) + (-2)/3. Let w(s) = -s**2 - 2*s - 7 + 5*s - k*s + 27. What are the prime factors of w(0)?
2, 5
Let v = -1 + 0. Let r be (-63)/(-6) - v/(-2). Let z = r - 1. List the prime factors of z.
3
Let t(k) = -3*k. Let q be t(6). List the prime factors of (-94)/q + 8/(-36).
5
Let j(k) = -k + 3. Let b be j(4). Let y = b - -4. Suppose -5*f + y*l + 2*l = -60, -2*f + 27 = -3*l. What are the prime factors of f?
3
Suppose 168 = -4*b - 80. Let k = 37 + b. Let z = -15 - k. What are the prime factors of z?
2, 5
Let i be ((-12)/(-9))/((-2)/(-3)). Suppose 2*s - 1 = -5*k + 3, i*s + 10 = 2*k. Suppose k*q - 3*q + 10 = 0. List the prime factors of q.
2, 5
Let h(c) = -7*c**3 + c**2 - 1. Let p be h(-1). Let o = -4 + p. Suppose -51 = -o*a - 0*a. List the prime factors of a.
17
What are the prime factors of (8/6)/(884/(-444) + 2)?
2, 37
Let l(j) = -1. Let o(r) = r + 8. Let s(c) = 6*l(c) + o(c). List the prime factors of s(10).
2, 3
Suppose 0 = -4*v + 5 + 11. Suppose -t - o + 6 = 0, -2*t - o + 24 = v*o. Suppose -3*n + 16 = -t*n. What are the prime factors of n?
2
Let r = -125 - -185. What are the prime factors of r?
2, 3, 5
Let h be 0 + (1 - 2) - -9. Let t(z) = -z**2 + 11*z - 11. What are the prime factors of t(h)?
13
Let x = -5 + 4. List the prime factors of 15 - (-2 + x + 4).
2, 7
Let i(j) = -j**3 - 14*j**2 + 14*j - 18. Let x be i(-15). List the prime factors of (6 + x)/6*12.
2, 3
Let j = -280 + 109. What are the prime factors of 2/3*j/(-6)?
19
Suppose x = -3*v + 83, -2*v - 2*x - 16 + 70 = 0. List the prime factors of v.
2, 7
Suppose 3*f - b - 121 = 0, -29 - 166 = -5*f - 5*b. Let g = f + 15. Suppose 3*l = g - 22. What are the prime factors of l?
11
Let t(m) = -m**2 - 3*m + 2. Suppose 7*q = 4*q + 27. Let p = 6 - q. List the prime factors of t(p).
2
Suppose 4*f - 5 = -4*d + f, 4*d - f + 7 = 0. Let a be 3 + 0*2/(-6). List the prime factors of (2/a)/(d/(-3)).
2
Let o(t) = -t**2 - 10*t - 7. Suppose -q = 3*y - 3, -2*y = -5*q - 0*q - 36. What are the prime factors of o(q)?
17
Let g be 3/(-2) + 45/6. What are the prime factors of (8/g)/((-2)/(-21))?
2, 7
Let k = -24 + 16. Let q(o) = -5*o - 11. List the prime factors of q(k).
29
Suppose -o - 2 = 4*b - 3*b, 4*o = -16. Suppose -72 = -b*g - s, -4*g - 3*s + 144 = -0*g. Suppose -4*a + g = 2*n, 2*n = -3*n + 10. List the prime factors of a.
2
List the prime factors of 3058/77 - 2/(-7).
2, 5
Suppose -z + 4*j - 15 = -j, z + 3 = 2*j. Let g(v) = v**3 - 3*v**2 + 3*v - 3. Let c be g(2). What are the prime factors of -1*(1 + c) + z?
5
Let i(w) = -w**2 - 16*w + 14. What are the prime factors of i(-10)?
2, 37
Let c(a) = a**2 + 6*a - 3. Let z be c(5). Suppose 0 = -w - 2, 2*w = -0*r + 3*r - z. What are the prime factors of r?
2
Suppose -3*v + v + 36 = 0. List the prime factors of v.
2, 3
Let k = 0 + -2. Let j be 1 - (-1)/(-1) - k. Suppose -j*p + 10 = 2. List the prime factors of p.
2
Let w = -8 - -13. Suppose 0 = -l - 4*c + 5, w*c - 4 = -l + 2. What are the prime factors of 2/(-4*l)*-24?
2, 3
Let o(m) be the first derivative of -m**4/4 + 3*m**2/2 + 2*m + 1. Let x be o(3). Let a = x - -26. What are the prime factors of a?
2, 5
Let m(a) = a**2 - 4*a + 7. Let g be m(5). Suppose -3*n + 3*o = 4 + 2, 0 = -n + 3*o - g. Let w(c) = c**3 - 3*c**2 + c. List the prime factors of w(n).
3
Let x = 3 + -3. Let j(c) = -c**3 + c**2 + c + 2. Let p be j(x). Suppose -b = -p - 3. What are the prime factors of b?
5
Let r be 2 + -3 - 1 - -6. Suppose 4*f = -r*u + 28, 4*f - 4*u + 10 = 2*f. Suppose f*m = -2*j + 28, -4*m + 2 = -5*j + 3. List the prime factors of m.
2, 3
Let r be 5 + -5 - (0 + -3). Suppose 2*w = -5*z + 48, 5 = 4*z + r*w - 32. What are the prime factors of z?
2, 5
Let u(l) = -l - 6. Let c be u(-6). Suppose -4*h + 34 = -2*r, c = -0*h - h - 5*r + 14. List the prime factors of h.
3
Suppose 0*f - 32 = -4*y - 5*f, 2*f = 0. What are the prime factors of ((-11)/2)/((-4)/y)?
11
Let j be (74/4)/(1/(-2)). Let o be 3/6*2*j. Let h = -25 - o. What are the prime factors of h?
2, 3
Suppose 3*b - 3*o - 183 = 0, 2*b + 59 - 177 = 4*o. Suppose -5*k + 2*k = -9, k - b = -5*m. Suppose 0*r + m = 3*r. List the prime factors of r.
2
Suppose -750 = f - 7*f. List the prime factors of f.
5
Let x(s) be the third derivative of -s**6/120 + s**5/15 + s**4/12 + s**3/6 + s**2. What are the prime factors of x(4)?
3
Let w be (-1*3)/6*0. Suppose -3*h = -5*i + 6, -4*i + 3*i - 5*h - 10 = w. Let q = 3 + i. What are the prime factors of q?
3
Suppose 5*d - 15 + 5 = 0. Suppose -12 = -4*n + 2*a, a = 2*n - a - d. What are the prime factors of n?
5
What are the prime factors of ((-8)/(-12))/((-2)/(-237))?
79
Let m = 9 - 6. Suppose -m*g = -0*g - 18. List the prime factors of g.
2, 3
Suppose 12 - 68 = -v + 4*q, -3*q - 186 = -3*v. List the prime factors of v.
2
List the prime factors of 205 + (0/(-2))/(-5).
5, 41
Let i = -92 + 158. Let c be i/4 - 2/4. Let p = 22 - c. List the prime factors of p.
2, 3
Let g = 9 + -6. Suppose 8 = g*c + 2. What are the prime factors of c?
2
Let l = 6 - 5. What are the prime factors of 8 - (l - -2) - -2?
7
Suppose -5*a = -73 - 47. Suppose -a - 21 = 3*m. Let l = 21 + m. What are the prime factors of l?
2, 3
Let l = -71 - -23. What are the prime factors of (-2)/(-7) - l/28?
2
Let f = 5 + -3. Let j(n) = n + f - 2 + n**2. List the prime factors of j(3).
2, 3
Let h = 46 - 23. Let l = -12 + h. List the prime factors of l.
11
Let b be 3 + (1 - 2) + 40. Let u = b + -23. What are the prime factors of u?
19
Suppose -s - s = 0. Let h be (-2 - -16) + 5 + -3. Suppose 2*o + s*o = h. What are the prime factors of o?
2
Suppose -3*y = 2*q - 18, 18 = 2*q - 5*y + 3*y. Let w be 1 + q/(-3) - -18. List the prime factors of (-1 - w*-1) + -1.
2, 7
Let s(v) = v**3 + 7*v**2 + 5*v + 4. Let u be s(-6). What are the prime factors of 194/u + (-12)/30?
19
Let o = -32 + 61. List the prime factors of o.
29
What are the prime factors of 93*((-40)/(-15) + -2)?
2, 31
Suppose 50*g + 188 = 52*g. What are the prime factors of g?
2, 47
Let b(x) = 3*x + 27. What are the prime factors of b(0)?
3
List the prime factors of 57 + (-1 - -1) + -2.
5, 11
Suppose -5*l = 50 - 205. What are the prime factors of l?
31
Let j be 9/(-12) + (-2)/8. Let q be j/(-2) + (-58)/(-4). What are the prime factors of ((-10)/15)/((-2)/q)?
5
Let y be -2 + (3 - -12)/3. Suppose 0 = u - y*z + 14, 0 = 4*z - 1 - 15. List the prime factors of 14 + -2*1/u.
3, 5
Let j(c) = c**3 - 6*c**2 + 9*c + 10. List the prime factors of j(6).
2
Let h(a) = 2*a + 1. Let u be h(5). Let k = u - -25. List the prime factors of k.
2, 3
What are the prime factors of -95*((-8)/(-5) + -2)?
2, 19
What are the prime factors of (-74)/(-6) + (-11)/33?
2, 3
Let u(o) = -o**3 - 4*o**2 - 4*o - 1. Let h be u(-3). Suppose -h*v + 12 = 2*v. Suppose v*w = -2*w + 75. What are the prime factors of w?
3, 5
Let x = -165 + 278. What are the prime factors of x?
113
Let i(x) = -x**2 - 4*x + 1. Let k be i(-3). Let j(b) = 5*b - 4. What are the prime factors of j(k)?
2
Let s be (-6 + 3)/3*10. What are the prime factors of (-155)/s + 1/2?
2
Let x(v) = v**2 + 1. Let s be x(2). Suppose 2*a + 66 = s*a. List the prime factors of a.
2, 11
Suppose -d + 5*o - 12 = 9, -3*o - 5 = -5*d. Suppose -110 = -d*z - 5*t, -8*z + 130 = -4*z - 5*t. List the prime factors of z.
2, 3, 5
Let n(t) = t**3 - 5*t**2 + 2*t + 11. List the prime factors of n(5).
3, 7
Suppose 0 = 5*t - c - 11 + 2, -2*c + 2 = 0. Suppose -5*a - 199 = 2*s, -a - t*s + 3*s - 37 = 0. Let l = -21 - a. List the prime factors of l.
2, 3
Suppose 0*k - 5*k = -105. List the prime factors of k.
3, 7
Suppose 0 = 3*f + 2*f. Suppose f = -o + 5*o - 2*u - 66, 2*u + 84 = 5*o. Suppose -3*g + 6 + o = 0. List the prime factors of g.
2
Let w be 6/9 + 94/3. Suppose 0*x - w = -4*x. What are the prime factors of x?
2
Let c = -1 - -2. What are the prime factors of (1*26)/(2/c)?
13
Let t be (1 - 4/6)*213. Suppose t + 45 = 4*x. What are the prime factors of x?
29
Let u(w) = w**3 - 6*w**2 + 3*w - 9. Let k be 0 + 7 + (-2 - -1). List the prime factors of u(k).
3
Let o(g) = g**3 + 7*g**2 + 7*g - 2. Let b be o(-5). Let w = b + -3. What are the prime factors of w?
2, 5
Let y(f) = -1 + 4 - 5 - 3*f. Suppose -2*d - 2 = 4. List the prime factors of y(d).
7
List the prime fac